{"id":81,"date":"2015-10-17T19:23:49","date_gmt":"2015-10-17T19:23:49","guid":{"rendered":"http:\/\/www.gemsonic.hu\/?page_id=81"},"modified":"2021-02-11T16:13:26","modified_gmt":"2021-02-11T16:13:26","slug":"kapcsolat","status":"publish","type":"page","link":"https:\/\/www.gemsonic.hu\/index.php\/kapcsolat\/","title":{"rendered":"Kapcsolat"},"content":{"rendered":"<p>GEMsonic Kft.<br \/>\nIroda: 1031 Budapest, Silvanus s\u00e9t\u00e1ny 57. udvar fszt.1.<br \/>\n(N\u00e1n\u00e1si \u00fat \u2013 V\u00e1rosfal utca keresztez\u0151d\u00e9sn\u00e9l)<\/p>\n<p>Tel.: 06 20 9333 929<br \/>\nFacebook:\u00a0<a href=\"http:\/\/www.facebook.com\/gemsonic\">http:\/\/www.facebook.com\/gemsonic<\/a><br \/>\nEmail: info[kukac]gemsonic.hu<\/p>\n<p><iframe loading=\"lazy\" style=\"border: 0;\" src=\"https:\/\/www.google.com\/maps\/embed?pb=!1m18!1m12!1m3!1d2692.052686412682!2d19.059105206895442!3d47.56676331013952!2m3!1f0!2f0!3f0!3m2!1i1024!2i768!4f13.1!3m3!1m2!1s0x4741d985d790b807%3A0x1ce32cecc5864dd9!2sGEMsonic+Grafikai+Studi%C3%B3+Kft.!5e0!3m2!1shu!2shu!4v1445109722575\" width=\"600\" height=\"450\" frameborder=\"0\" allowfullscreen=\"allowfullscreen\"><\/iframe><\/p>\n<p><span style=\"color: #808080;\">Egy\u00e9b adatok:<\/span><br \/>\n<span style=\"color: #808080;\">Sz\u00e9khely, postac\u00edm: 1031 Budapest, Silvanus s\u00e9t\u00e1ny 57. udvar fszt.1.<\/span><br \/>\n<span style=\"color: #808080;\">Ad\u00f3sz\u00e1m: 13451530-2-41<\/span><br \/>\n<span style=\"color: #808080;\">C\u00e9gjegyz\u00e9ksz\u00e1m:\u00a001-09-735859 (kelte: 2005.03.16., bejegyezte: F\u0151v\u00e1rosi C\u00e9gb\u00edr\u00f3s\u00e1g)<\/span><br \/>\n<span style=\"color: #808080;\">Kamara: Magyar Kereskedelmi \u00e9s Iparkamara<\/span><\/p>\n<p><span style=\"color: #808080;\">T\u00e1rhelyszolg\u00e1ltat\u00f3nk:<\/span><br \/>\n<span style=\"color: #808080;\"> Deninet Kft.<\/span><br \/>\n<span style=\"color: #808080;\"> 1188 Budapest, Bercs\u00e9nyi u. 79\/b.<\/span><br \/>\n<span style=\"color: #808080;\"> Telefon: 36 1 296-0075, +36 40 620-030<\/span><br \/>\n<span style=\"color: #808080;\"> Mobil: +36 20 935-4619, +36 70 318-9263<\/span><br \/>\n<span style=\"color: #808080;\"> E-mail c\u00edm: info[kukac]deninet.hu<\/span><br \/>\n<span style=\"color: #808080;\"> C\u00e9gjegyz\u00e9ksz\u00e1m: Cg.01-09-730805<\/span><br \/>\n<span style=\"color: #808080;\"> Ad\u00f3sz\u00e1m: 13350910-2-43<\/span><\/p>\n","protected":false},"excerpt":{"rendered":"<p>GEMsonic Kft. Iroda: 1031 Budapest, Silvanus s\u00e9t\u00e1ny 57. udvar fszt.1. (N\u00e1n\u00e1si \u00fat \u2013 V\u00e1rosfal utca keresztez\u0151d\u00e9sn\u00e9l) Tel.: 06 20 9333 929 Facebook:\u00a0http:\/\/www.facebook.com\/gemsonic Email: info[kukac]gemsonic.hu Egy\u00e9b adatok: Sz\u00e9khely, postac\u00edm: 1031 Budapest, Silvanus s\u00e9t\u00e1ny 57. udvar fszt.1. Ad\u00f3sz\u00e1m: 13451530-2-41 C\u00e9gjegyz\u00e9ksz\u00e1m:\u00a001-09-735859 (kelte: 2005.03.16., bejegyezte: F\u0151v\u00e1rosi C\u00e9gb\u00edr\u00f3s\u00e1g) Kamara: Magyar Kereskedelmi \u00e9s Iparkamara T\u00e1rhelyszolg\u00e1ltat\u00f3nk: Deninet Kft. 1188 Budapest, Bercs\u00e9nyi u&#8230;.<\/p>\n","protected":false},"author":1,"featured_media":0,"parent":0,"menu_order":8,"comment_status":"closed","ping_status":"closed","template":"","meta":{"footnotes":""},"class_list":["post-81","page","type-page","status-publish","hentry"],"_links":{"self":[{"href":"https:\/\/www.gemsonic.hu\/index.php\/wp-json\/wp\/v2\/pages\/81","targetHints":{"allow":["GET"]}}],"collection":[{"href":"https:\/\/www.gemsonic.hu\/index.php\/wp-json\/wp\/v2\/pages"}],"about":[{"href":"https:\/\/www.gemsonic.hu\/index.php\/wp-json\/wp\/v2\/types\/page"}],"author":[{"embeddable":true,"href":"https:\/\/www.gemsonic.hu\/index.php\/wp-json\/wp\/v2\/users\/1"}],"replies":[{"embeddable":true,"href":"https:\/\/www.gemsonic.hu\/index.php\/wp-json\/wp\/v2\/comments?post=81"}],"version-history":[{"count":12,"href":"https:\/\/www.gemsonic.hu\/index.php\/wp-json\/wp\/v2\/pages\/81\/revisions"}],"predecessor-version":[{"id":368,"href":"https:\/\/www.gemsonic.hu\/index.php\/wp-json\/wp\/v2\/pages\/81\/revisions\/368"}],"wp:attachment":[{"href":"https:\/\/www.gemsonic.hu\/index.php\/wp-json\/wp\/v2\/media?parent=81"}],"curies":[{"name":"wp","href":"https:\/\/api.w.org\/{rel}","templated":true}]}}